- 105. Let v be g(-5). Suppose -5452 = -3*l + 4*y + 12763, -4*y - 20 = v. Is l composite?
True
Let s = -1303690 + 2159331. Is s a prime number?
True
Suppose -13*c + 133 = 42. Suppose -c*x = -6614 - 4873. Is x + 1 + (2 - 2) composite?
True
Let l = 93 + -93. Suppose -16*x + 33*x = l. Suppose -3*i + 372 + 1677 = x. Is i a composite number?
False
Is 3/(-2) - (-1 + (-846333)/6) composite?
True
Suppose 2*k - 2 = 0, 5*d - 2*k + 3973 = k. Is -3 - (-1 - -16)/(3/d) a prime number?
True
Let i(r) = 6*r**3 + 12*r**2 + 5*r - 11. Let s be i(-5). Let x = s - -841. Is x a prime number?
False
Suppose 2*m + 35 = 43. Suppose -m*b - 3*i - 15 = -140, 4*i + 55 = b. Is b a prime number?
False
Suppose r - 474 = -5*r. Let p = r - 35. Suppose 2*a - p = -2*i, -4*i + 120 + 4 = -5*a. Is i composite?
True
Suppose -18*p - f = -14*p - 429764, -4*p + 2*f + 429764 = 0. Is p a prime number?
True
Is 114046/(-1347)*(262/(-8))/(3/18) a prime number?
False
Let t be ((-204)/(-85))/((-2)/(-4255)). Suppose 4*f - 7*f - t = 0. Let z = f - -2835. Is z prime?
False
Suppose 0 = -3*q + 3*k + 15852, -7491 = -3*q - 5*k + 8329. Suppose 1477*g + 14201 = 1488*g. Let j = q - g. Is j composite?
False
Is 241010 - (18 + 13 + -44) prime?
False
Suppose 13*l = 6*l - 266. Let n = l - -39. Is ((-2130)/(-12))/(n/2) composite?
True
Let m(v) = -4402*v - 11. Let p(f) = 10*f - 21. Let q be p(2). Is m(q) prime?
True
Let n(t) = -2*t**3 - 28*t**2 + 37*t - 497. Is n(-40) composite?
False
Suppose -902*p + 909*p - 497 = 0. Suppose -76*i + 9070 = -p*i. Is i a prime number?
False
Let o = 6078 - 3139. Is o prime?
True
Let n(l) = -12636*l - 283. Is n(-7) prime?
True
Let p(q) = -q**2 + 8*q + 14. Let k be p(9). Suppose 3*o + k*c = 1 - 0, 2*o + 5*c = -1. Suppose -x - a + 554 = 0, 12*a - 1102 = -o*x + 8*a. Is x a prime number?
True
Let w be ((180/(-16))/(-3))/((-1)/(-4)). Suppose -12842 = -w*x + 17563. Is x a composite number?
False
Is 4/(-14) - ((-108)/(-198) + 26956275/(-231)) composite?
True
Suppose 41701 = 6*j - 3875. Suppose -2*v = -3*i + 2*v + 5711, 4*v = -4*i + j. Is i a prime number?
True
Let t = -1823 + -161. Let o = t + 6425. Is o prime?
True
Suppose 0*n = n - j - 28095, -5*j = -4*n + 112382. Suppose -30*w - n = -43*w. Is w composite?
False
Suppose 0 = 23*b - 4*b - 228. Suppose -36*p = -b*p - 1170408. Is p composite?
False
Let l(m) = -1930*m - 29. Suppose 0 = 3*w + 12. Is l(w) a composite number?
False
Let k be (-24)/(-16) + 2/4. Suppose 0 = 3*a + c - 14, 5*a + 3*c = k*a + 24. Suppose -4*r - 537 = -q, 2204 = a*q + q - 2*r. Is q a prime number?
False
Let a(k) = 8*k**3 - 5*k**2 + k + 2. Let b be a(4). Let x = b - 215. Is x composite?
False
Let w = -53 - -59. Let g(r) = 4*r**2 - 21*r + 19. Let j(c) = -c - 1. Let n(f) = g(f) - 3*j(f). Is n(w) prime?
False
Suppose -16*n = 28*n - 27*n - 1606415. Is n a composite number?
True
Suppose -308*o + 280*o = -2878820. Is o composite?
True
Is (397*(347 + -1))/((-48)/(-24)) a composite number?
True
Let i(f) = -f**3 - 24*f**2 + 16*f - 133. Let c be i(-25). Let a be (-6)/3 + 0 + 7. Suppose 3*y - c = 2*l + 67, -l + 252 = a*y. Is y a composite number?
True
Suppose 153*a - 156*a + l + 90422 = 0, -2*l + 14 = 0. Is a prime?
False
Let w(c) = -622*c**2 - 13*c - 10. Let z be w(12). Is 9/6*(-3 + z/(-6)) prime?
False
Suppose -5*o - 8 = 2*h + 13, -5*o - 25 = 0. Suppose 2*n - 2*i = -i + 1, 3*n + h*i = 19. Suppose 2*j = -4*p + 5436, -n*p + 2*p + j = -1365. Is p prime?
True
Suppose 143*r = 220*r + 253*r - 1063462290. Is r composite?
False
Suppose 4*u + 0*u - 2888 = 0. Let m = 1104 - u. Is m composite?
True
Let s be 6*(-8)/456 - (-5)/(475/(-519260)). Let d = -19 + 34. Is (d/(-10))/(9/s) a prime number?
True
Suppose -5*w + 113108 = -l - 138722, 5*l = 5*w - 251810. Let v = w + -24914. Is v prime?
True
Suppose -d = -2*s + s + 59563, -3*s + 178695 = -4*d. Is s composite?
False
Suppose 6*k - 1030 = 9002. Suppose -c = -5*c - k. Let t = -224 - c. Is t a prime number?
False
Suppose 0 = 4*u + g - 121, 8*g - 6*g + 6 = 0. Suppose -36*x + u*x + 18555 = 0. Is x composite?
True
Suppose -3*c + 4*v + 1638 = 2*v, c = -4*v + 560. Let j = 11427 - 695. Suppose -8*t + j - c = 0. Is t prime?
False
Let s = -63671 - -124672. Is s composite?
False
Suppose -297*m + 101*m = -133141043 - 11245689. Is m a prime number?
False
Let s = 185325 + -48911. Is s a composite number?
True
Suppose 0*o = 4*o - 4*w - 16, o + 2*w = -8. Suppose o = r + 3, 3*r - 6169 = -x + 5*r. Is x a prime number?
True
Suppose -46*d = -47*d - 1. Is (70 - 69)*(-8147)/d*1 a prime number?
True
Let v = -43 + 183. Let t = -135 + v. Suppose l = -4*d - l + 3138, l + 3926 = t*d. Is d a composite number?
True
Suppose 5*t - x - 55139 = 0, 15*t - 11*t - 3*x - 44098 = 0. Is t prime?
False
Suppose -6*c + 9*c = -6, -4*c + 110 = 2*j. Suppose -f + 596 + j = 0. Is f prime?
False
Suppose 5*s - 14*j + 4185 = -9*j, -3*j = 5*s + 4217. Let p = -260 - s. Is p prime?
False
Let r(b) = 20*b - 157. Let d be r(8). Suppose 6*g - g - 5*v = 29855, -17913 = -d*g - v. Is g a prime number?
False
Suppose -2*v + 2*k + 233330 = 0, 0 = -4*v + 5*k - 83605 + 550267. Is v a composite number?
False
Suppose -61 = 66*w + 665. Let m(v) = 124*v**2 + 6*v - 71. Is m(w) prime?
True
Let h be (-15)/(-8) - (-4 - (-62)/16). Let z be ((-4)/h - -2)/(-1) + 4. Suppose 0 = -4*v + 20, -4*b + z*v + 1237 = -b. Is b composite?
False
Is (38/(-285) + 16/(-30))*-488463 prime?
False
Let x(i) = -2*i**3 - 11*i**2 + 19*i - 13. Let p be x(-7). Is (p - 0)*(518 + 2 - -1) a composite number?
False
Let f(g) = -g**2 - g + 1. Let h = 0 + -2. Let y be f(h). Is y/2 + -4*(-134)/16 prime?
False
Let z = 172735 + -9968. Is z prime?
False
Let a be (-48)/312 - (-3)/((-39)/(-28)). Is 1 + a + 278992/28 prime?
True
Suppose 0 = 2*j - 5*x - 1028, -4*j - j = -2*x - 2549. Let h = 1278 - j. Is h composite?
False
Suppose -2*m = -3*t + 25414, -5*t - 3*m = -42026 - 337. Suppose 10*p - t = 8458. Is p composite?
False
Suppose 4*i + 14246 = p, 1461 = 4*p + 3*i - 55523. Suppose 5*o = 10, -2*z - 14*o + 12*o = -p. Is z prime?
True
Suppose 2*g + 4 = 5*a - 1, 0 = 3*g - 15. Suppose -8187 = -a*t + 4*h, 2*t - h - 1131 = 4327. Is t a prime number?
True
Let z = -67 + 68. Suppose 5*f - 12 = -w, -f + 2*w - 1 = z. Is 4 - (-19)/f*38 composite?
True
Suppose -s + 118 = y, -94*s - 122 = -y - 97*s. Let c = -2 - 11. Let h = c + y. Is h composite?
False
Let p(n) be the second derivative of -5*n**2 - 5/6*n**3 + 0 - 1/6*n**4 + 1/20*n**5 - 5*n. Is p(8) prime?
False
Suppose 2*z = 32*x + 2487478, 3*z - 44*x + 47*x = 3731472. Is z prime?
True
Let i = -2234 - -3475. Is i a composite number?
True
Let y(l) = -11*l - 85. Let f be y(-8). Suppose k + 2 = 0, 0 = -z - 4*k + f*k + 8495. Is z composite?
True
Let z = -15871 - -77708. Is z a composite number?
False
Let f = 73 - 77. Let q be 2/f - 51/34 - -2. Suppose q*c + 13688 = 8*c. Is c a prime number?
False
Let l(k) be the second derivative of 2*k**4 + 2*k**3 - 5*k**2 - 2*k. Let f(z) = z**3 + 8*z**2 + 16*z + 4. Let c be f(-4). Is l(c) a prime number?
False
Suppose 590*x - 589*x - 3*g - 466 = 0, -5*x - g = -2186. Is x a composite number?
False
Let t(u) = 5*u**2 - 12 + 3*u + 2*u - 17*u - 4*u + u**3. Let o be t(-7). Suppose 7*j - o*q = 3*j + 3638, 899 = j - 4*q. Is j prime?
True
Let h(i) = i - 3. Let p be h(9). Suppose -p*j + 4*j + q + 290 = 0, 3*q + 725 = 5*j. Is j a prime number?
False
Suppose -39*x + 3096670 = -62*x + 33*x. Is x a prime number?
True
Let k(g) be the second derivative of -3*g**5/20 - 5*g**4/12 - g**3 + 19*g**2/2 - 37*g. Let u be k(-12). Suppose -u = 2*m - 7*m. Is m a prime number?
True
Let r(m) = -42*m**3 - 829*m**2 + 7*m - 31. Is r(-20) a composite number?
False
Is 1344152/48 + 33/(-198) prime?
False
Let c(u) = -3045*u**3 + u**2 - 74*u - 399. Is c(-5) composite?
False
Let j be (-31454)/(-7 - (-78)/12). Suppose 17*p - 1437 - j = 0. Is p a prime number?
False
Suppose 4*t - 11 - 15 - 6 = 0. Let n(u) = -194*u + 25. Let s(k) = 194*k - 25. Let i(r) = -3*n(r) - 2*s(r). Is i(t) a prime number?
False
Let p(m) = -135*m**3 + 5*m**2 + 36*m + 377. Is p(-20) a composite number?
False
Suppose 2*c - 16 = 4*x, 4*c - 2*c + 5*x + 20 = 0. Suppose -125*t + 133*t - 87064 = c. Is t a prime number?
True
Let y(f) = 159*f**2 - 6*f - 16. Let r be -12 - -15 - 1*8. Is y(r) composite?
False
Suppose -4*d = -2*k + 1112006, -540*k + 2223976 = -536